{"id":934,"date":"2021-01-24T10:19:04","date_gmt":"2021-01-24T10:19:04","guid":{"rendered":"https:\/\/www.00261.fr\/?post_type=product&#038;p=934"},"modified":"2026-02-26T11:32:54","modified_gmt":"2026-02-26T11:32:54","slug":"piment-vert-220-gr","status":"publish","type":"product","link":"https:\/\/www.00261.fr\/?product=piment-vert-220-gr","title":{"rendered":"Piment vert GM 220 gr"},"content":{"rendered":"<p>Pr\u00e9paration \u00e0 base de piment en conserve<\/p>\n<p>#DESCRIPTION &amp; UTILISATION# DESCRIPTION : P\u00e2te de piment vert<\/p>\n<p>UTILISATION : Ce condiment accompagne tous vos plats \u00e0 base de poisson, de viande, de l\u00e9gumes mais \u00e9galement les sauces pour le riz ou les p\u00e2tes par exemple.<br \/>\n#CARACTERISTIQUES PRODUITS# INGREDIENTS : piments verts 60%, gingembre, ail, sel, acidifiant : E260<\/p>\n<p>INFORMATIONS NUTRITIONNELLES : Pour 100g : Energie 163kJ\/39kcal, mati\u00e8res grasses 0g, dont acides gras satur\u00e9s 0g, glucides 6,3g, dont sucres 3,9g, fibres alimentaires 3,2g, prot\u00e9ines 1,8g, Sel 9,6g.<\/p>\n<p>CONSERVATION : Conserver au frais apr\u00e8s ouverture et consommer rapidement<\/p>\n<p>PRECAUTIONS : La manipulation du piment peut causer irritations et br\u00fblures. Eviter de toucher le produit \u00e0 mains nues.<\/p>\n","protected":false},"excerpt":{"rendered":"<p>Piment vert 220 gr<br \/>\nOrigine : Madagascar<\/p>\n","protected":false},"featured_media":935,"comment_status":"closed","ping_status":"closed","template":"","meta":{"_seopress_robots_primary_cat":"none","_seopress_titles_title":"","_seopress_titles_desc":"","_seopress_robots_index":""},"product_brand":[],"product_cat":[56],"product_tag":[],"class_list":{"0":"post-934","1":"product","2":"type-product","3":"status-publish","4":"has-post-thumbnail","6":"product_cat-epicerie","8":"first","9":"instock","10":"featured","11":"taxable","12":"shipping-taxable","13":"purchasable","14":"product-type-simple","15":"add-to-wishlist-after_add_to_cart"},"jetpack_sharing_enabled":true,"_links":{"self":[{"href":"https:\/\/www.00261.fr\/index.php?rest_route=\/wp\/v2\/product\/934","targetHints":{"allow":["GET"]}}],"collection":[{"href":"https:\/\/www.00261.fr\/index.php?rest_route=\/wp\/v2\/product"}],"about":[{"href":"https:\/\/www.00261.fr\/index.php?rest_route=\/wp\/v2\/types\/product"}],"replies":[{"embeddable":true,"href":"https:\/\/www.00261.fr\/index.php?rest_route=%2Fwp%2Fv2%2Fcomments&post=934"}],"wp:featuredmedia":[{"embeddable":true,"href":"https:\/\/www.00261.fr\/index.php?rest_route=\/wp\/v2\/media\/935"}],"wp:attachment":[{"href":"https:\/\/www.00261.fr\/index.php?rest_route=%2Fwp%2Fv2%2Fmedia&parent=934"}],"wp:term":[{"taxonomy":"product_brand","embeddable":true,"href":"https:\/\/www.00261.fr\/index.php?rest_route=%2Fwp%2Fv2%2Fproduct_brand&post=934"},{"taxonomy":"product_cat","embeddable":true,"href":"https:\/\/www.00261.fr\/index.php?rest_route=%2Fwp%2Fv2%2Fproduct_cat&post=934"},{"taxonomy":"product_tag","embeddable":true,"href":"https:\/\/www.00261.fr\/index.php?rest_route=%2Fwp%2Fv2%2Fproduct_tag&post=934"}],"curies":[{"name":"wp","href":"https:\/\/api.w.org\/{rel}","templated":true}]}}