{"id":606,"date":"2020-12-27T07:45:21","date_gmt":"2020-12-27T07:45:21","guid":{"rendered":"https:\/\/www.00261.fr\/?post_type=product&#038;p=606"},"modified":"2025-11-14T15:56:11","modified_gmt":"2025-11-14T15:56:11","slug":"evoka-huile-essentielle","status":"publish","type":"product","link":"https:\/\/www.00261.fr\/?product=evoka-huile-essentielle","title":{"rendered":"Evoka &#8211; Huile essentielle Imra"},"content":{"rendered":"<p>Forme et pr\u00e9sentation<\/p>\n<p>Flacon de 5cc<\/p>\n<p>Propri\u00e9t\u00e9s<\/p>\n<p>Antiseptique, anti-inflammatoire, d\u00e9congestionnante et cicatrisante<\/p>\n<p>Composition<\/p>\n<p>M\u00e9lange d\u2019huiles essentielles de Madagascar s\u00e9lectionn\u00e9es pour leurs propri\u00e9t\u00e9s<\/p>\n<p>Indications<\/p>\n<p>Affections ORL : rhinite, sinusite, angine<\/p>\n<p>Affection de la bouche : gingivite, parodontose, aphte<\/p>\n<p>Posologie et mode d\u2019emploi<\/p>\n<p>2 \u00e0 3 gouttes de HEVOKA dans une demi-tasse d\u2019eau bouillante, en inhalation, puis, en gargarisme<\/p>\n<p>En application directe \u00e0 l\u2019aide d\u2019une coton tige sur les l\u00e9sions de la bouche (aphtes, stomatites) apr\u00e8s un brossage des dents de pr\u00e9f\u00e9rence avec le Masy Pagyl)<\/p>\n<p>Cure : jusqu\u2019\u00e0 la disparition du sympt\u00f4me<\/p>\n<p>Effets ind\u00e9sirables : aucun<\/p>\n<p>Prise ou utilisation d\u2019autres m\u00e9dicaments<\/p>\n<p>Aucun effet ind\u00e9sirable issu des interactions m\u00e9dicamenteuses observ\u00e9 jusqu\u2019 \u00e0 pr\u00e9sent<\/p>\n<p>Conditions particuli\u00e8re de conservation<\/p>\n<p>Conserver \u00e0 l\u2019abri de la chaleur<\/p>\n<p>Utiliser dans un d\u00e9lai maximum d\u2019un mois apr\u00e8s avoir ouvert l\u2019emballage pour la premi\u00e8re fois.<\/p>\n<p>Fabricant : IMRA<\/p>\n<p>Vendeur : Sediem<\/p>\n","protected":false},"excerpt":{"rendered":"<p>Evoka huile essentielle<\/p>\n<p>Poids brut :40.00 g<br \/>\norigine : Madagascar<br \/>\nFabricant : Imr<br \/>\nVendeur \/distributeur : SEDIEM<br \/>\norigine de Madagascar<\/p>\n","protected":false},"featured_media":913,"comment_status":"closed","ping_status":"closed","template":"","meta":{"_seopress_robots_primary_cat":"none","_seopress_titles_title":"","_seopress_titles_desc":"","_seopress_robots_index":""},"product_brand":[],"product_cat":[15],"product_tag":[],"class_list":{"0":"post-606","1":"product","2":"type-product","3":"status-publish","4":"has-post-thumbnail","6":"product_cat-huiles-essentielles","8":"first","9":"instock","10":"taxable","11":"shipping-taxable","12":"purchasable","13":"product-type-simple","14":"add-to-wishlist-after_add_to_cart"},"jetpack_sharing_enabled":true,"_links":{"self":[{"href":"https:\/\/www.00261.fr\/index.php?rest_route=\/wp\/v2\/product\/606","targetHints":{"allow":["GET"]}}],"collection":[{"href":"https:\/\/www.00261.fr\/index.php?rest_route=\/wp\/v2\/product"}],"about":[{"href":"https:\/\/www.00261.fr\/index.php?rest_route=\/wp\/v2\/types\/product"}],"replies":[{"embeddable":true,"href":"https:\/\/www.00261.fr\/index.php?rest_route=%2Fwp%2Fv2%2Fcomments&post=606"}],"wp:featuredmedia":[{"embeddable":true,"href":"https:\/\/www.00261.fr\/index.php?rest_route=\/wp\/v2\/media\/913"}],"wp:attachment":[{"href":"https:\/\/www.00261.fr\/index.php?rest_route=%2Fwp%2Fv2%2Fmedia&parent=606"}],"wp:term":[{"taxonomy":"product_brand","embeddable":true,"href":"https:\/\/www.00261.fr\/index.php?rest_route=%2Fwp%2Fv2%2Fproduct_brand&post=606"},{"taxonomy":"product_cat","embeddable":true,"href":"https:\/\/www.00261.fr\/index.php?rest_route=%2Fwp%2Fv2%2Fproduct_cat&post=606"},{"taxonomy":"product_tag","embeddable":true,"href":"https:\/\/www.00261.fr\/index.php?rest_route=%2Fwp%2Fv2%2Fproduct_tag&post=606"}],"curies":[{"name":"wp","href":"https:\/\/api.w.org\/{rel}","templated":true}]}}