{"id":391,"date":"2020-12-20T19:54:07","date_gmt":"2020-12-20T19:54:07","guid":{"rendered":"https:\/\/www.00261.fr\/?post_type=product&#038;p=391"},"modified":"2026-01-21T12:20:18","modified_gmt":"2026-01-21T12:20:18","slug":"madetonyl","status":"publish","type":"product","link":"https:\/\/www.00261.fr\/?product=madetonyl","title":{"rendered":"Madetonyl &#8211; Imra"},"content":{"rendered":"<p>Forme pr\u00e9sentation<\/p>\n<p>Sirop en flacon de 125 ml Sirop en flacon de 1000 ml Propri\u00e9t\u00e9 Puissant antiasth\u00e9nique exclusivement \u00e0 base de plantes m\u00e9dicinales.<\/p>\n<p>Composition M\u00e9dicament \u00e0 base de plantes m\u00e9dicinales : Vin de quinquina 47g Vin de kola 47g Teinture de vanille 0,55g Teinture de cannelle 0,25g Sucre 7,5g<\/p>\n<p>Indication &#8211; Asth\u00e9nie physique, psychique, intellectuelle et sexuelle. &#8211; P\u00e9riodes post grippales, infections, surmenage, s\u00e9nescence et m\u00e9nopause &#8211; Psychasth\u00e9nie et anorexie (convalescence des maladies infectieuses et parasitaires)<\/p>\n<p>Posologie et mode d\u2019emploi Enfant de 5 \u00e0 15 ans : 3 cuiller\u00e9es \u00e0 caf\u00e9 par jour (avant le repas) Adulte : 3 cuiller\u00e9es \u00e0 soupe par jour (avant le repas) Cure : avis m\u00e9dical<\/p>\n<p>Effets ind\u00e9sirables: aucune Prise ou utilisation d\u2019autres m\u00e9dicaments : Aucun effet ind\u00e9sirable issu des interactions m\u00e9dicamenteuses observ\u00e9 jusqu\u2019 \u00e0 pr\u00e9sent.<\/p>\n<p>Contre-indications Hypertension art\u00e9rielle Mises en garde et pr\u00e9cautions d\u2019emploi Ne pas donner aux enfants moins de 5 ans Condition particuli\u00e8re de conservation Conserver \u00e0 temp\u00e9rature ambiante<\/p>\n<p>vendeur : SEDIEM<\/p>\n","protected":false},"excerpt":{"rendered":"<p>Madetonyl<br \/>\nFabricant : IMRA<br \/>\nOrigine : Madagascar<\/p>\n","protected":false},"featured_media":915,"comment_status":"closed","ping_status":"closed","template":"","meta":{"_seopress_robots_primary_cat":"none","_seopress_titles_title":"","_seopress_titles_desc":"","_seopress_robots_index":""},"product_brand":[],"product_cat":[57],"product_tag":[86],"class_list":{"0":"post-391","1":"product","2":"type-product","3":"status-publish","4":"has-post-thumbnail","6":"product_cat-complements-alimentaires","7":"product_tag-madetonyl","9":"first","10":"instock","11":"taxable","12":"shipping-taxable","13":"purchasable","14":"product-type-simple","15":"add-to-wishlist-after_add_to_cart"},"jetpack_sharing_enabled":true,"_links":{"self":[{"href":"https:\/\/www.00261.fr\/index.php?rest_route=\/wp\/v2\/product\/391","targetHints":{"allow":["GET"]}}],"collection":[{"href":"https:\/\/www.00261.fr\/index.php?rest_route=\/wp\/v2\/product"}],"about":[{"href":"https:\/\/www.00261.fr\/index.php?rest_route=\/wp\/v2\/types\/product"}],"replies":[{"embeddable":true,"href":"https:\/\/www.00261.fr\/index.php?rest_route=%2Fwp%2Fv2%2Fcomments&post=391"}],"wp:featuredmedia":[{"embeddable":true,"href":"https:\/\/www.00261.fr\/index.php?rest_route=\/wp\/v2\/media\/915"}],"wp:attachment":[{"href":"https:\/\/www.00261.fr\/index.php?rest_route=%2Fwp%2Fv2%2Fmedia&parent=391"}],"wp:term":[{"taxonomy":"product_brand","embeddable":true,"href":"https:\/\/www.00261.fr\/index.php?rest_route=%2Fwp%2Fv2%2Fproduct_brand&post=391"},{"taxonomy":"product_cat","embeddable":true,"href":"https:\/\/www.00261.fr\/index.php?rest_route=%2Fwp%2Fv2%2Fproduct_cat&post=391"},{"taxonomy":"product_tag","embeddable":true,"href":"https:\/\/www.00261.fr\/index.php?rest_route=%2Fwp%2Fv2%2Fproduct_tag&post=391"}],"curies":[{"name":"wp","href":"https:\/\/api.w.org\/{rel}","templated":true}]}}