{"id":374,"date":"2020-12-20T10:45:51","date_gmt":"2020-12-20T10:45:51","guid":{"rendered":"https:\/\/www.00261.fr\/?post_type=product&#038;p=374"},"modified":"2025-10-25T18:23:56","modified_gmt":"2025-10-25T18:23:56","slug":"fanjotany","status":"publish","type":"product","link":"https:\/\/www.00261.fr\/?product=fanjotany","title":{"rendered":"Fanjatony"},"content":{"rendered":"<p>Boite de 7 infusettes<\/p>\n<p>Propri\u00e9t\u00e9 :<br \/>\ns\u00e9datif, utilis\u00e9 dans le traitement symptomatique des \u00e9tats n\u00e9vrotique, troubles mineurs du sommeil<\/p>\n<p>Indications :<\/p>\n<p>Hypertension art\u00e9rielle l\u00e9g\u00e8re<br \/>\nRem\u00e8de utilis\u00e9 notamment en cas de troubles mineurs<\/p>\n<p>Mode d&#8217;emploi<\/p>\n<p>1 infusette de 5g dans 1.5 L d&rsquo;eau bouillante peandant 10 mn. Boire au cours de la journ\u00e9e en plusieurs prises<\/p>\n<p>Contre indication<br \/>\nHypotension art\u00e9rielle<\/p>\n<p>Mise en garde<\/p>\n<p>La pr\u00e9paration doit \u00eatre faite chaque jour afin d&rsquo;\u00e9viter la fermentation.<br \/>\nLe gout est tr\u00e8s agr\u00e9able avec une forte tonalit\u00e9 v\u00e9g\u00e9tale<\/p>\n<p>Vendeur : Sediem<\/p>\n","protected":false},"excerpt":{"rendered":"<p>Boite de 7 infusettes Propri\u00e9t\u00e9 : s\u00e9datif, utilis\u00e9 dans le traitement symptomatique des \u00e9tats n\u00e9vrotique, troubles mineurs du sommeil Indications : Hypertension art\u00e9rielle l\u00e9g\u00e8re Rem\u00e8de utilis\u00e9 notamment en cas de troubles mineurs Mode d&#8217;emploi 1 infusette de 5g dans 1.5 L d&rsquo;eau bouillante peandant 10 mn. Boire au cours de la journ\u00e9e en plusieurs prises [&hellip;]<\/p>\n","protected":false},"featured_media":375,"comment_status":"closed","ping_status":"closed","template":"","meta":{"_seopress_robots_primary_cat":"","_seopress_titles_title":"","_seopress_titles_desc":"","_seopress_robots_index":""},"product_brand":[],"product_cat":[57],"product_tag":[],"class_list":{"0":"post-374","1":"product","2":"type-product","3":"status-publish","4":"has-post-thumbnail","6":"product_cat-complements-alimentaires","8":"first","9":"instock","10":"taxable","11":"shipping-taxable","12":"purchasable","13":"product-type-simple","14":"add-to-wishlist-after_add_to_cart"},"jetpack_sharing_enabled":true,"_links":{"self":[{"href":"https:\/\/www.00261.fr\/index.php?rest_route=\/wp\/v2\/product\/374","targetHints":{"allow":["GET"]}}],"collection":[{"href":"https:\/\/www.00261.fr\/index.php?rest_route=\/wp\/v2\/product"}],"about":[{"href":"https:\/\/www.00261.fr\/index.php?rest_route=\/wp\/v2\/types\/product"}],"replies":[{"embeddable":true,"href":"https:\/\/www.00261.fr\/index.php?rest_route=%2Fwp%2Fv2%2Fcomments&post=374"}],"wp:featuredmedia":[{"embeddable":true,"href":"https:\/\/www.00261.fr\/index.php?rest_route=\/wp\/v2\/media\/375"}],"wp:attachment":[{"href":"https:\/\/www.00261.fr\/index.php?rest_route=%2Fwp%2Fv2%2Fmedia&parent=374"}],"wp:term":[{"taxonomy":"product_brand","embeddable":true,"href":"https:\/\/www.00261.fr\/index.php?rest_route=%2Fwp%2Fv2%2Fproduct_brand&post=374"},{"taxonomy":"product_cat","embeddable":true,"href":"https:\/\/www.00261.fr\/index.php?rest_route=%2Fwp%2Fv2%2Fproduct_cat&post=374"},{"taxonomy":"product_tag","embeddable":true,"href":"https:\/\/www.00261.fr\/index.php?rest_route=%2Fwp%2Fv2%2Fproduct_tag&post=374"}],"curies":[{"name":"wp","href":"https:\/\/api.w.org\/{rel}","templated":true}]}}