{"id":320,"date":"2020-11-22T19:10:55","date_gmt":"2020-11-22T19:10:55","guid":{"rendered":"https:\/\/www.00261.fr\/?post_type=product&#038;p=320"},"modified":"2025-10-25T18:25:40","modified_gmt":"2025-10-25T18:25:40","slug":"curcuma","status":"publish","type":"product","link":"https:\/\/www.00261.fr\/?product=curcuma","title":{"rendered":"Ravintsara &#8211; Huile essentielle Imra"},"content":{"rendered":"<p>Propri\u00e9t\u00e9s : Utilis\u00e9e depuis longtemps, cette huile essentielle est class\u00e9e parmi la plus importante en aromath\u00e9rapie. D&rsquo;une part, elle att\u00e9nue les douleurs musculaires, contractures, crampes et d&rsquo;autre part, elle soulage le nez buch\u00e9, les maux de t\u00eate, les frissons, pr\u00e9vient la toux lors des \u00e9tats grippaux. Elle procure aussi une sensation de relaxation en cas de fatigue et de nervosit\u00e9.<br \/>\nMode d&#8217;emploi :<br \/>\n&#8211; Prise orale \u00e0 raison de 2 gouttes, 3 fois par jour avec un peu de sucre ou du miel sans d\u00e9passer 5 jours;<br \/>\n&#8211; Inhalation de coton imbib\u00e9 de 3 gouttes de ravintsara plusieurs fois par jour.<br \/>\n&#8211; Friction de quelques gouttes sur les tempes, la poitrine ou les parties douloureuses.<br \/>\n&#8211; Massage suivi de bain.<br \/>\nPr\u00e9sentation : flacon de 10 ml<\/p>\n<p>Poids brut :40.00 g<br \/>\norigine : Madagascar<\/p>\n<p>Photo non contractante.<\/p>\n<p>Vendeur : SEDIEM<\/p>\n<p>Photo : non contractante.<\/p>\n","protected":false},"excerpt":{"rendered":"<p>Huile essentielle de Ravintsara<\/p>\n<p>Fabricant : IMRA<\/p>\n","protected":false},"featured_media":917,"comment_status":"closed","ping_status":"closed","template":"","meta":{"_seopress_robots_primary_cat":"none","_seopress_titles_title":"","_seopress_titles_desc":"","_seopress_robots_index":""},"product_brand":[],"product_cat":[15],"product_tag":[],"class_list":{"0":"post-320","1":"product","2":"type-product","3":"status-publish","4":"has-post-thumbnail","6":"product_cat-huiles-essentielles","8":"first","9":"onbackorder","10":"taxable","11":"shipping-taxable","12":"purchasable","13":"product-type-simple","14":"add-to-wishlist-after_add_to_cart"},"jetpack_sharing_enabled":true,"_links":{"self":[{"href":"https:\/\/www.00261.fr\/index.php?rest_route=\/wp\/v2\/product\/320","targetHints":{"allow":["GET"]}}],"collection":[{"href":"https:\/\/www.00261.fr\/index.php?rest_route=\/wp\/v2\/product"}],"about":[{"href":"https:\/\/www.00261.fr\/index.php?rest_route=\/wp\/v2\/types\/product"}],"replies":[{"embeddable":true,"href":"https:\/\/www.00261.fr\/index.php?rest_route=%2Fwp%2Fv2%2Fcomments&post=320"}],"wp:featuredmedia":[{"embeddable":true,"href":"https:\/\/www.00261.fr\/index.php?rest_route=\/wp\/v2\/media\/917"}],"wp:attachment":[{"href":"https:\/\/www.00261.fr\/index.php?rest_route=%2Fwp%2Fv2%2Fmedia&parent=320"}],"wp:term":[{"taxonomy":"product_brand","embeddable":true,"href":"https:\/\/www.00261.fr\/index.php?rest_route=%2Fwp%2Fv2%2Fproduct_brand&post=320"},{"taxonomy":"product_cat","embeddable":true,"href":"https:\/\/www.00261.fr\/index.php?rest_route=%2Fwp%2Fv2%2Fproduct_cat&post=320"},{"taxonomy":"product_tag","embeddable":true,"href":"https:\/\/www.00261.fr\/index.php?rest_route=%2Fwp%2Fv2%2Fproduct_tag&post=320"}],"curies":[{"name":"wp","href":"https:\/\/api.w.org\/{rel}","templated":true}]}}