{"id":2135,"date":"2021-10-27T14:56:33","date_gmt":"2021-10-27T14:56:33","guid":{"rendered":"https:\/\/www.00261.fr\/?post_type=product&#038;p=2135"},"modified":"2024-06-28T12:41:33","modified_gmt":"2024-06-28T12:41:33","slug":"kabaro-poids-du-cap-a-la-creole","status":"publish","type":"product","link":"https:\/\/www.00261.fr\/?product=kabaro-poids-du-cap-a-la-creole","title":{"rendered":"Kabaro Kreola 420g &#8211; Codal"},"content":{"rendered":"<div class=\"c-app-product-tabs__pane ng-scope ng-isolate-scope is-active\" data-pane-id=\"1\"><b class=\"ng-scope\">DESCRIPTION :\u00a0<\/b><span class=\"ng-scope\">Pois du cap ou Kabaro \u00e0 la cr\u00e9ole (Phaseolus lunatus) &#8211; Codal<\/span><\/div>\n<div class=\"c-app-product-tabs__pane ng-scope ng-isolate-scope is-active\" data-pane-id=\"1\"><br class=\"ng-scope\" \/><b class=\"ng-scope\">UTILISATION : <\/b><span class=\"ng-scope\">Chauffer dans un bain-marie le contenu de la bo\u00eete environ 10 minutes, bien m\u00e9langer avant de servir. Pouvant accompagner divers plats comme le cari de poulet, rougaille saucisse&#8230;<\/span><\/div>\n<div data-pane-id=\"1\"><span class=\"PBLongTxt PBItemDesc ng-scope ng-isolate-scope c-app-product-tabs c-app-product-tabs--tabs c-app-product-tabs--horizontal c-app-product-tabs--left\"><b class=\"ng-scope\">INGREDIENTS : <\/b>P<span class=\"ng-scope\">ois du cap secs tremp\u00e9s,eau, oignon, sel, curcuma, massale, poivre, piment<\/span><br class=\"ng-scope\" \/><br class=\"ng-scope\" \/><br class=\"ng-scope\" \/><b class=\"ng-scope\">INFORMATIONS NUTRITIONNELLES :\u00a0<\/b><span class=\"ng-scope\">Pour 100g : Energie 490kJ\/117kcal, mati\u00e8res grasses 3,6g, dont acides gras satur\u00e9s 0,6g, glucides 12g, dont sucres 0,9g, fibres alimentaires 5,1g, prot\u00e9ines 6,5g, Sel 0,59g.<\/span><br class=\"ng-scope\" \/><br class=\"ng-scope\" \/><br class=\"ng-scope\" \/><b class=\"ng-scope\">CONSERVATION :\u00a0<\/b><span class=\"ng-scope\">Conserver au frais apr\u00e8s ouverture et consommer rapidement<\/span><\/span><\/div>\n","protected":false},"excerpt":{"rendered":"<p><span class=\"ng-scope\">Pois du cap ou Kabaro \u00e0 la cr\u00e9ole (Phaseolus lunatus) &#8211; Codal<br \/>\n<\/span><\/p>\n<p><span class=\"PBLongTxt PBItemDesc ng-scope ng-isolate-scope c-app-product-tabs c-app-product-tabs--tabs c-app-product-tabs--horizontal c-app-product-tabs--left\"><b class=\"ng-scope\">INGREDIENTS : <\/b>P<span class=\"ng-scope\">ois du cap secs tremp\u00e9s,eau, oignon, sel, curcuma, massale, poivre, piment<\/span><\/span><\/p>\n<p>&nbsp;<\/p>\n<p>&nbsp;<\/p>\n","protected":false},"featured_media":2720,"comment_status":"closed","ping_status":"closed","template":"","meta":{"_seopress_robots_primary_cat":"none","_seopress_titles_title":"","_seopress_titles_desc":"","_seopress_robots_index":""},"product_brand":[],"product_cat":[100],"product_tag":[],"class_list":{"0":"post-2135","1":"product","2":"type-product","3":"status-publish","4":"has-post-thumbnail","6":"product_cat-conserves","8":"first","9":"outofstock","10":"taxable","11":"shipping-taxable","12":"purchasable","13":"product-type-simple","14":"add-to-wishlist-after_add_to_cart"},"jetpack_sharing_enabled":true,"_links":{"self":[{"href":"https:\/\/www.00261.fr\/index.php?rest_route=\/wp\/v2\/product\/2135","targetHints":{"allow":["GET"]}}],"collection":[{"href":"https:\/\/www.00261.fr\/index.php?rest_route=\/wp\/v2\/product"}],"about":[{"href":"https:\/\/www.00261.fr\/index.php?rest_route=\/wp\/v2\/types\/product"}],"replies":[{"embeddable":true,"href":"https:\/\/www.00261.fr\/index.php?rest_route=%2Fwp%2Fv2%2Fcomments&post=2135"}],"wp:featuredmedia":[{"embeddable":true,"href":"https:\/\/www.00261.fr\/index.php?rest_route=\/wp\/v2\/media\/2720"}],"wp:attachment":[{"href":"https:\/\/www.00261.fr\/index.php?rest_route=%2Fwp%2Fv2%2Fmedia&parent=2135"}],"wp:term":[{"taxonomy":"product_brand","embeddable":true,"href":"https:\/\/www.00261.fr\/index.php?rest_route=%2Fwp%2Fv2%2Fproduct_brand&post=2135"},{"taxonomy":"product_cat","embeddable":true,"href":"https:\/\/www.00261.fr\/index.php?rest_route=%2Fwp%2Fv2%2Fproduct_cat&post=2135"},{"taxonomy":"product_tag","embeddable":true,"href":"https:\/\/www.00261.fr\/index.php?rest_route=%2Fwp%2Fv2%2Fproduct_tag&post=2135"}],"curies":[{"name":"wp","href":"https:\/\/api.w.org\/{rel}","templated":true}]}}