{"id":1742,"date":"2021-08-14T08:13:31","date_gmt":"2021-08-14T08:13:31","guid":{"rendered":"https:\/\/www.00261.fr\/?post_type=product&#038;p=1742"},"modified":"2022-12-09T07:01:10","modified_gmt":"2022-12-09T07:01:10","slug":"dzama-5-ans","status":"publish","type":"product","link":"https:\/\/www.00261.fr\/?product=dzama-5-ans","title":{"rendered":"Dzama 5 ans"},"content":{"rendered":"<p>Dzama 5 ans<\/p>\n<p>Ce Rhum Dzama est \u00e9lev\u00e9 en deux paliers. Dans un premier temps dans un f\u00fbt de ch\u00eane selon la m\u00e9thode traditionnelle afin de donner les ar\u00f4mes fum\u00e9s et du caf\u00e9 torr\u00e9fi\u00e9. Il s\u2019en suit une finalisation en f\u00fbt de ch\u00eane utilis\u00e9 ant\u00e9rieurement pour l\u2019\u00e9levage du Cognac. Cette \u00e9tape permet au vieux rhum d\u2019acqu\u00e9rir une touche et une rondeur exceptionnelle.<\/p>\n<p>Un vieux rhum \u00e0 d\u00e9couvrir rapidement!<\/p>\n<p>&nbsp;<\/p>\n<p>&nbsp;<\/p>\n<p>Origine : Madagascar<br \/>\nL&rsquo;abus d&rsquo;alcool est un danger pour la sant\u00e9, buvez avec mod\u00e9ration.<br \/>\nVente interdite aux moins de 18 ans.<\/p>\n<p>&nbsp;<\/p>\n<p>&nbsp;<\/p>\n<div data-pane-id=\"1\"><\/div>\n","protected":false},"excerpt":{"rendered":"<p>Dzama 5 ans<br \/>\nOrigine : Madagascar<\/p>\n","protected":false},"featured_media":1743,"comment_status":"closed","ping_status":"closed","template":"","meta":{"_seopress_robots_primary_cat":"none","_seopress_titles_title":"","_seopress_titles_desc":"","_seopress_robots_index":""},"product_brand":[],"product_cat":[98],"product_tag":[],"class_list":{"0":"post-1742","1":"product","2":"type-product","3":"status-publish","4":"has-post-thumbnail","6":"product_cat-boissons-alcooliques","8":"first","9":"outofstock","10":"featured","11":"taxable","12":"shipping-taxable","13":"purchasable","14":"product-type-simple","15":"add-to-wishlist-after_add_to_cart"},"jetpack_sharing_enabled":true,"_links":{"self":[{"href":"https:\/\/www.00261.fr\/index.php?rest_route=\/wp\/v2\/product\/1742","targetHints":{"allow":["GET"]}}],"collection":[{"href":"https:\/\/www.00261.fr\/index.php?rest_route=\/wp\/v2\/product"}],"about":[{"href":"https:\/\/www.00261.fr\/index.php?rest_route=\/wp\/v2\/types\/product"}],"replies":[{"embeddable":true,"href":"https:\/\/www.00261.fr\/index.php?rest_route=%2Fwp%2Fv2%2Fcomments&post=1742"}],"wp:featuredmedia":[{"embeddable":true,"href":"https:\/\/www.00261.fr\/index.php?rest_route=\/wp\/v2\/media\/1743"}],"wp:attachment":[{"href":"https:\/\/www.00261.fr\/index.php?rest_route=%2Fwp%2Fv2%2Fmedia&parent=1742"}],"wp:term":[{"taxonomy":"product_brand","embeddable":true,"href":"https:\/\/www.00261.fr\/index.php?rest_route=%2Fwp%2Fv2%2Fproduct_brand&post=1742"},{"taxonomy":"product_cat","embeddable":true,"href":"https:\/\/www.00261.fr\/index.php?rest_route=%2Fwp%2Fv2%2Fproduct_cat&post=1742"},{"taxonomy":"product_tag","embeddable":true,"href":"https:\/\/www.00261.fr\/index.php?rest_route=%2Fwp%2Fv2%2Fproduct_tag&post=1742"}],"curies":[{"name":"wp","href":"https:\/\/api.w.org\/{rel}","templated":true}]}}