{"id":1684,"date":"2021-07-26T07:18:33","date_gmt":"2021-07-26T07:18:33","guid":{"rendered":"https:\/\/www.00261.fr\/?post_type=product&#038;p=1684"},"modified":"2025-10-25T17:18:05","modified_gmt":"2025-10-25T17:18:05","slug":"baume-cypres","status":"publish","type":"product","link":"https:\/\/www.00261.fr\/?product=baume-cypres","title":{"rendered":"Baume Cypr\u00e8s"},"content":{"rendered":"<p>Propri\u00e9t\u00e9s : varices, jambe lorde, h\u00e9moro\u00efde<\/p>\n<p>Pr\u00e9sentation : Pot de 20 g<\/p>\n<p>Poids brut :43.00 g<br \/>\nOrigine : Madagascar<br \/>\nVendeur : SEDIEM<\/p>\n","protected":false},"excerpt":{"rendered":"<p>Baume Cypr\u00e8s: origine de Madagascar<\/p>\n","protected":false},"featured_media":1676,"comment_status":"closed","ping_status":"closed","template":"","meta":{"_seopress_robots_primary_cat":"none","_seopress_titles_title":"","_seopress_titles_desc":"","_seopress_robots_index":""},"product_brand":[],"product_cat":[77],"product_tag":[],"class_list":{"0":"post-1684","1":"product","2":"type-product","3":"status-publish","4":"has-post-thumbnail","6":"product_cat-parapharmacie","8":"first","9":"outofstock","10":"taxable","11":"shipping-taxable","12":"purchasable","13":"product-type-simple","14":"add-to-wishlist-after_add_to_cart"},"jetpack_sharing_enabled":true,"_links":{"self":[{"href":"https:\/\/www.00261.fr\/index.php?rest_route=\/wp\/v2\/product\/1684","targetHints":{"allow":["GET"]}}],"collection":[{"href":"https:\/\/www.00261.fr\/index.php?rest_route=\/wp\/v2\/product"}],"about":[{"href":"https:\/\/www.00261.fr\/index.php?rest_route=\/wp\/v2\/types\/product"}],"replies":[{"embeddable":true,"href":"https:\/\/www.00261.fr\/index.php?rest_route=%2Fwp%2Fv2%2Fcomments&post=1684"}],"wp:featuredmedia":[{"embeddable":true,"href":"https:\/\/www.00261.fr\/index.php?rest_route=\/wp\/v2\/media\/1676"}],"wp:attachment":[{"href":"https:\/\/www.00261.fr\/index.php?rest_route=%2Fwp%2Fv2%2Fmedia&parent=1684"}],"wp:term":[{"taxonomy":"product_brand","embeddable":true,"href":"https:\/\/www.00261.fr\/index.php?rest_route=%2Fwp%2Fv2%2Fproduct_brand&post=1684"},{"taxonomy":"product_cat","embeddable":true,"href":"https:\/\/www.00261.fr\/index.php?rest_route=%2Fwp%2Fv2%2Fproduct_cat&post=1684"},{"taxonomy":"product_tag","embeddable":true,"href":"https:\/\/www.00261.fr\/index.php?rest_route=%2Fwp%2Fv2%2Fproduct_tag&post=1684"}],"curies":[{"name":"wp","href":"https:\/\/api.w.org\/{rel}","templated":true}]}}