{"id":1204,"date":"2021-02-23T10:55:17","date_gmt":"2021-02-23T10:55:17","guid":{"rendered":"https:\/\/www.00261.fr\/?post_type=product&#038;p=1204"},"modified":"2026-02-23T18:20:23","modified_gmt":"2026-02-23T18:20:23","slug":"graine-de-moringa-50g","status":"publish","type":"product","link":"https:\/\/www.00261.fr\/?product=graine-de-moringa-50g","title":{"rendered":"Graine de Moringa 50g &#8211; Sediem"},"content":{"rendered":"<p>Composition : 100 % graine de moringa de Madagascar<\/p>\n<p>Sachet de 50 g<\/p>\n<p>Utilisation : Retirer la coquille qui entoure la graine. D\u00e9guster la graine blanche \u00e0 lint\u00e9rieur, manger avec de fruit frais, 1 \u00e0 5 graines par jour.<\/p>\n<p>&nbsp;<\/p>\n<p>&nbsp;<\/p>\n<p>Bienfaits : Combattre la fatigue quotidienne, r\u00e9duire le cholest\u00e9rol, prot\u00e9ger le syst\u00e8me cardiovasculaire, antioxydant.<\/p>\n<p>Condition d\u2019utilisation: Compl\u00e9ment alimentaire, ne peut \u00eatre substitu\u00e9 \u00e0 un r\u00e9gime alimentaire vari\u00e9 et \u00e9quilibr\u00e9.<\/p>\n<p>&nbsp;<\/p>\n<p>Condition d\u2019utilisation: Compl\u00e9ment alimentaire, ne peut \u00eatre substitu\u00e9 \u00e0 un r\u00e9gime alimentaire vari\u00e9 et \u00e9quilibr\u00e9.<\/p>\n<p>vendeur : SEDIEM<\/p>\n","protected":false},"excerpt":{"rendered":"<p>graines moringa 50 g<\/p>\n","protected":false},"featured_media":2614,"comment_status":"closed","ping_status":"closed","template":"","meta":{"_seopress_robots_primary_cat":"none","_seopress_titles_title":"","_seopress_titles_desc":"","_seopress_robots_index":""},"product_brand":[],"product_cat":[57],"product_tag":[],"class_list":{"0":"post-1204","1":"product","2":"type-product","3":"status-publish","4":"has-post-thumbnail","6":"product_cat-complements-alimentaires","8":"first","9":"instock","10":"taxable","11":"shipping-taxable","12":"purchasable","13":"product-type-simple","14":"add-to-wishlist-after_add_to_cart"},"jetpack_sharing_enabled":true,"_links":{"self":[{"href":"https:\/\/www.00261.fr\/index.php?rest_route=\/wp\/v2\/product\/1204","targetHints":{"allow":["GET"]}}],"collection":[{"href":"https:\/\/www.00261.fr\/index.php?rest_route=\/wp\/v2\/product"}],"about":[{"href":"https:\/\/www.00261.fr\/index.php?rest_route=\/wp\/v2\/types\/product"}],"replies":[{"embeddable":true,"href":"https:\/\/www.00261.fr\/index.php?rest_route=%2Fwp%2Fv2%2Fcomments&post=1204"}],"wp:featuredmedia":[{"embeddable":true,"href":"https:\/\/www.00261.fr\/index.php?rest_route=\/wp\/v2\/media\/2614"}],"wp:attachment":[{"href":"https:\/\/www.00261.fr\/index.php?rest_route=%2Fwp%2Fv2%2Fmedia&parent=1204"}],"wp:term":[{"taxonomy":"product_brand","embeddable":true,"href":"https:\/\/www.00261.fr\/index.php?rest_route=%2Fwp%2Fv2%2Fproduct_brand&post=1204"},{"taxonomy":"product_cat","embeddable":true,"href":"https:\/\/www.00261.fr\/index.php?rest_route=%2Fwp%2Fv2%2Fproduct_cat&post=1204"},{"taxonomy":"product_tag","embeddable":true,"href":"https:\/\/www.00261.fr\/index.php?rest_route=%2Fwp%2Fv2%2Fproduct_tag&post=1204"}],"curies":[{"name":"wp","href":"https:\/\/api.w.org\/{rel}","templated":true}]}}