{"id":1157,"date":"2021-02-13T10:35:55","date_gmt":"2021-02-13T10:35:55","guid":{"rendered":"https:\/\/www.00261.fr\/?post_type=product&#038;p=1157"},"modified":"2025-10-25T17:39:01","modified_gmt":"2025-10-25T17:39:01","slug":"mavitrika-imra","status":"publish","type":"product","link":"https:\/\/www.00261.fr\/?product=mavitrika-imra","title":{"rendered":"Mavitrika Imra"},"content":{"rendered":"<p>Description<\/p>\n<p>Forme et pr\u00e9sentation<\/p>\n<p>Pommade : Tube de 35g<\/p>\n<p>Propri\u00e9t\u00e9s<\/p>\n<p>Baume compos\u00e9 d&rsquo;extraits veg\u00e9taux antalgiques, anti-inflamatoires, ayant une propri\u00e9t\u00e9 d\u00e9contractantes et analg\u00e9sique, d\u00e9nu\u00e9e d&rsquo;effets allergisants non irritants.<\/p>\n<p>Composition<\/p>\n<p>Extrait de plantes<\/p>\n<p>Essence de Capscium fratiscence<\/p>\n<p>Essence Niaouli<\/p>\n<p>Essence de Ocimum gratissimum<\/p>\n<p>Essence de Spilantes acmela<\/p>\n<p>alcool<\/p>\n<p>Excipients<\/p>\n<p>Indications<\/p>\n<p>Rhumatismes<\/p>\n<p>Contractures musculaires<\/p>\n<p>Entorses<\/p>\n<p>Torticolis<\/p>\n<p>Contusions<\/p>\n<p>Posologie et mode d\u2019emploi<\/p>\n<p>1 \u00e0 4 applications cutan\u00e9es par jour. Frictionner doucement l&rsquo;endroit douloureux avec la pommade pendant 10 mn pour faciliter l&rsquo;absorption. On obtient un meilleur r\u00e9sultat en associant HE et Mavitrika<\/p>\n<p>&nbsp;<\/p>\n<p>Conditions particuli\u00e8re de conservation<\/p>\n<p>Conserver \u00e0 temp\u00e9rature ambiante<\/p>\n","protected":false},"excerpt":{"rendered":"<p>Ody fery meva<br \/>\nFabricant : IMRA<br \/>\nOrigine : Madagascar<br \/>\nvendeur : SEDIEM<\/p>\n","protected":false},"featured_media":1158,"comment_status":"closed","ping_status":"closed","template":"","meta":{"_seopress_robots_primary_cat":"none","_seopress_titles_title":"","_seopress_titles_desc":"","_seopress_robots_index":""},"product_brand":[],"product_cat":[77],"product_tag":[],"class_list":{"0":"post-1157","1":"product","2":"type-product","3":"status-publish","4":"has-post-thumbnail","6":"product_cat-parapharmacie","8":"first","9":"instock","10":"taxable","11":"shipping-taxable","12":"purchasable","13":"product-type-simple","14":"add-to-wishlist-after_add_to_cart"},"jetpack_sharing_enabled":true,"_links":{"self":[{"href":"https:\/\/www.00261.fr\/index.php?rest_route=\/wp\/v2\/product\/1157","targetHints":{"allow":["GET"]}}],"collection":[{"href":"https:\/\/www.00261.fr\/index.php?rest_route=\/wp\/v2\/product"}],"about":[{"href":"https:\/\/www.00261.fr\/index.php?rest_route=\/wp\/v2\/types\/product"}],"replies":[{"embeddable":true,"href":"https:\/\/www.00261.fr\/index.php?rest_route=%2Fwp%2Fv2%2Fcomments&post=1157"}],"wp:featuredmedia":[{"embeddable":true,"href":"https:\/\/www.00261.fr\/index.php?rest_route=\/wp\/v2\/media\/1158"}],"wp:attachment":[{"href":"https:\/\/www.00261.fr\/index.php?rest_route=%2Fwp%2Fv2%2Fmedia&parent=1157"}],"wp:term":[{"taxonomy":"product_brand","embeddable":true,"href":"https:\/\/www.00261.fr\/index.php?rest_route=%2Fwp%2Fv2%2Fproduct_brand&post=1157"},{"taxonomy":"product_cat","embeddable":true,"href":"https:\/\/www.00261.fr\/index.php?rest_route=%2Fwp%2Fv2%2Fproduct_cat&post=1157"},{"taxonomy":"product_tag","embeddable":true,"href":"https:\/\/www.00261.fr\/index.php?rest_route=%2Fwp%2Fv2%2Fproduct_tag&post=1157"}],"curies":[{"name":"wp","href":"https:\/\/api.w.org\/{rel}","templated":true}]}}