{"id":1035,"date":"2021-02-02T18:47:56","date_gmt":"2021-02-02T18:47:56","guid":{"rendered":"https:\/\/www.00261.fr\/?post_type=product&#038;p=1035"},"modified":"2025-06-30T10:44:06","modified_gmt":"2025-06-30T10:44:06","slug":"coupon-fastransfer-airtel","status":"publish","type":"product","link":"https:\/\/www.00261.fr\/?product=coupon-fastransfer-airtel","title":{"rendered":"Coupon fastransfer-Airtel"},"content":{"rendered":"<p>Coupon fastransfer-Airtel<\/p>\n<p>Le Coupon \u00ab\u00a0fastransfer-Airtel\u00a0\u00bb permet de charger votre portefeuille Airtel.<\/p>\n<p>Pour ce service, le num\u00e9ro d&rsquo;identifiant est obligatoire. Pour en avoir pri\u00e8re d&rsquo;envoyer \u00e0 la direction :<\/p>\n<p>-Votre pi\u00e8ce d&rsquo;identit\u00e9<\/p>\n<p>-Adresse en Europe<\/p>\n<p>&nbsp;<\/p>\n","protected":false},"excerpt":{"rendered":"<p>Coupon fastransfer-Airtel<\/p>\n<p>&nbsp;<\/p>\n","protected":false},"featured_media":1036,"comment_status":"closed","ping_status":"closed","template":"","meta":{"_seopress_robots_primary_cat":"none","_seopress_titles_title":"","_seopress_titles_desc":"","_seopress_robots_index":""},"product_brand":[],"product_cat":[96],"product_tag":[],"class_list":{"0":"post-1035","1":"product","2":"type-product","3":"status-publish","4":"has-post-thumbnail","6":"product_cat-coupon","7":"product_shipping_class-261fr","9":"first","10":"instock","11":"purchasable","12":"product-type-simple","13":"add-to-wishlist-after_add_to_cart"},"jetpack_sharing_enabled":true,"_links":{"self":[{"href":"https:\/\/www.00261.fr\/index.php?rest_route=\/wp\/v2\/product\/1035","targetHints":{"allow":["GET"]}}],"collection":[{"href":"https:\/\/www.00261.fr\/index.php?rest_route=\/wp\/v2\/product"}],"about":[{"href":"https:\/\/www.00261.fr\/index.php?rest_route=\/wp\/v2\/types\/product"}],"replies":[{"embeddable":true,"href":"https:\/\/www.00261.fr\/index.php?rest_route=%2Fwp%2Fv2%2Fcomments&post=1035"}],"wp:featuredmedia":[{"embeddable":true,"href":"https:\/\/www.00261.fr\/index.php?rest_route=\/wp\/v2\/media\/1036"}],"wp:attachment":[{"href":"https:\/\/www.00261.fr\/index.php?rest_route=%2Fwp%2Fv2%2Fmedia&parent=1035"}],"wp:term":[{"taxonomy":"product_brand","embeddable":true,"href":"https:\/\/www.00261.fr\/index.php?rest_route=%2Fwp%2Fv2%2Fproduct_brand&post=1035"},{"taxonomy":"product_cat","embeddable":true,"href":"https:\/\/www.00261.fr\/index.php?rest_route=%2Fwp%2Fv2%2Fproduct_cat&post=1035"},{"taxonomy":"product_tag","embeddable":true,"href":"https:\/\/www.00261.fr\/index.php?rest_route=%2Fwp%2Fv2%2Fproduct_tag&post=1035"}],"curies":[{"name":"wp","href":"https:\/\/api.w.org\/{rel}","templated":true}]}}