{"id":1031,"date":"2021-02-02T18:32:45","date_gmt":"2021-02-02T18:32:45","guid":{"rendered":"https:\/\/www.00261.fr\/?post_type=product&#038;p=1031"},"modified":"2025-04-08T11:39:24","modified_gmt":"2025-04-08T11:39:24","slug":"coupon-fastransfer","status":"publish","type":"product","link":"https:\/\/www.00261.fr\/?product=coupon-fastransfer","title":{"rendered":"Coupon fastransfer"},"content":{"rendered":"<p>Coupon fastransfer<\/p>\n<p>Le coupon \u00ab\u00a0Fastransfer\u00a0\u00bb sert \u00e0 commander un service ou des marchandises, r\u00e9gularisation d&rsquo;une facture et r\u00e9server une commande. Il sert aussi \u00e0 charger la portefeuille de votre famille.<\/p>\n<p>Pour certaines utilisations, le num\u00e9ro d&rsquo;identifiant peut \u00eatre demand\u00e9. Pour en avoir pri\u00e8re d&rsquo;envoyer \u00e0 la direction :<\/p>\n<p>-Votre pi\u00e8ce d&rsquo;identit\u00e9<\/p>\n<p>-Adresse en Europe<\/p>\n<p>&nbsp;<\/p>\n","protected":false},"excerpt":{"rendered":"<p>Coupon fastransfer<\/p>\n","protected":false},"featured_media":1030,"comment_status":"closed","ping_status":"closed","template":"","meta":{"_seopress_robots_primary_cat":"none","_seopress_titles_title":"","_seopress_titles_desc":"","_seopress_robots_index":""},"product_brand":[],"product_cat":[96],"product_tag":[],"class_list":{"0":"post-1031","1":"product","2":"type-product","3":"status-publish","4":"has-post-thumbnail","6":"product_cat-coupon","8":"first","9":"instock","10":"purchasable","11":"product-type-simple","12":"add-to-wishlist-after_add_to_cart"},"jetpack_sharing_enabled":true,"_links":{"self":[{"href":"https:\/\/www.00261.fr\/index.php?rest_route=\/wp\/v2\/product\/1031","targetHints":{"allow":["GET"]}}],"collection":[{"href":"https:\/\/www.00261.fr\/index.php?rest_route=\/wp\/v2\/product"}],"about":[{"href":"https:\/\/www.00261.fr\/index.php?rest_route=\/wp\/v2\/types\/product"}],"replies":[{"embeddable":true,"href":"https:\/\/www.00261.fr\/index.php?rest_route=%2Fwp%2Fv2%2Fcomments&post=1031"}],"wp:featuredmedia":[{"embeddable":true,"href":"https:\/\/www.00261.fr\/index.php?rest_route=\/wp\/v2\/media\/1030"}],"wp:attachment":[{"href":"https:\/\/www.00261.fr\/index.php?rest_route=%2Fwp%2Fv2%2Fmedia&parent=1031"}],"wp:term":[{"taxonomy":"product_brand","embeddable":true,"href":"https:\/\/www.00261.fr\/index.php?rest_route=%2Fwp%2Fv2%2Fproduct_brand&post=1031"},{"taxonomy":"product_cat","embeddable":true,"href":"https:\/\/www.00261.fr\/index.php?rest_route=%2Fwp%2Fv2%2Fproduct_cat&post=1031"},{"taxonomy":"product_tag","embeddable":true,"href":"https:\/\/www.00261.fr\/index.php?rest_route=%2Fwp%2Fv2%2Fproduct_tag&post=1031"}],"curies":[{"name":"wp","href":"https:\/\/api.w.org\/{rel}","templated":true}]}}